late the remainder when (-11115)/(-69) - 44/506 is divided by 59.
43
Let b(i) = -4*i - 3. Suppose 2*k + 24 + 3 = -z, 3*z + 49 = -4*k. Let s = 40 + k. What is the remainder when s is divided by b(-3)?
6
What is the remainder when (1024/160)/(-1 - (-7)/5) is divided by 5?
1
Suppose 2*h - 667 = -519. Calculate the remainder when 88 is divided by h.
14
Suppose 0 = -17*u + 27*u - 670. What is the remainder when 191 is divided by u?
57
Let n = -132 + 153. What is the remainder when 82 is divided by n?
19
Suppose 22 + 17 = v. Suppose 0 = -9*u + 8*u + 21. What is the remainder when v is divided by u?
18
Let n(a) = 2*a**2 - 2*a - 4. Let o be n(3). Suppose -d - d = -o. Suppose -5*s + g = -75, 2*s - 13 = -d*g + g. What is the remainder when s is divided by 8?
6
Let p = 22 - -10. Let y = p - 11. Calculate the remainder when 81 is divided by y.
18
Suppose 0 = -4*h - 21 - 27. Let m be ((-4)/12)/((-2)/h). Calculate the remainder when m/(-9) - 1776/(-27) is divided by 17.
15
Let m be (-5)/(-10) - (-10)/4. Suppose 2*x - m*o - 2*o = 0, 0 = -4*o. Suppose 16 = v - x*v. Calculate the remainder when v is divided by 3.
1
Suppose -4*d + 10 = w, -5*d + d = 8. What is the remainder when 282 is divided by w?
12
Suppose 5*t + 21 - 206 = 0. Suppose 3*a - 1346*s + 1345*s - 200 = 0, 3*s = a - 64. Calculate the remainder when a is divided by t.
30
Let k be -14*((-21)/6 + 3). Let p = -7 - -11. What is the remainder when k/2*72/21 is divided by p?
0
Suppose 0 = -5*p - 4 - 1. Let u(s) = 5*s**2 - 2*s - 1. Calculate the remainder when (-2)/((-3)/(-96)*-4) is divided by u(p).
4
Suppose 10*z = 2*z + 280. Calculate the remainder when z is divided by 15.
5
Suppose 0 = -6*u + 4*u + 214. What is the remainder when u is divided by 48?
11
Let c = -25 - -19. Let b = 5 - c. What is the remainder when b is divided by -2 + 3 + 1*2?
2
Let v(s) = -9*s - 4. Let x be v(-5). Suppose -25 - 25 = -10*t. Let a = x - t. Calculate the remainder when a is divided by 13.
10
Let f(h) = -h**2 - 11*h - 2. Let c be f(-10). Suppose 0*x + c*x = 40. Let d(q) = q**3 - 4*q**2 - 2*q + 3. Calculate the remainder when d(5) is divided by x.
3
What is the remainder when 99 is divided by (-1042)/(-12) + (-82)/(-492)?
12
Let j(g) = -4 + 2 + 4 - 7 + 34*g. Let h(t) = t**3 + 9*t**2 - 4*t - 10. Calculate the remainder when h(-8) is divided by j(1).
28
Let q(h) = h**2 + 8*h - 10. Calculate the remainder when q(3) is divided by 16.
7
Let q(t) = t**3 - 5*t**2 - 7*t + 15. Calculate the remainder when q(7) is divided by 7*(1 - 11/(-7)).
10
Suppose 2*o - 2 = 4*d, -3*o = 107*d - 105*d - 19. Calculate the remainder when 58 is divided by o.
3
Suppose -v + 4*t = 3, 0*t = 4*t - 4. Suppose -v + 31 = -3*f. Calculate the remainder when 43 is divided by f/(0 + (-4)/6).
13
Calculate the remainder when -3 + 11775/105 + 1/(-7) is divided by 19.
14
What is the remainder when (-1)/(-2)*831*(-14)/(-21) is divided by 56?
53
Suppose -65*l + 535 = -310. Let g(b) = -b. Calculate the remainder when l is divided by g(-4).
1
Let c(r) = -r**3 + 6*r**2 + r + 2. What is the remainder when c(5) is divided by 9/3 + 3 - -1?
4
Let s(i) = -i**3 + 6*i**2 - 4*i - 5. Let a(q) = 375*q - 3702. What is the remainder when a(10) is divided by s(4)?
4
Let k = 56 - 55. What is the remainder when 38 is divided by (1 - 0)*(k - -12)?
12
Let t(l) = -20*l. Let w be t(-2). Suppose 44*f = w*f + 48. Calculate the remainder when 34 is divided by f.
10
Let y = 102 + -30. Suppose -38 = -25*o + 23*o. What is the remainder when y is divided by o?
15
Let w(m) = -3*m**3 + 9*m**2 - 2*m + 13. What is the remainder when 167 is divided by w(3)?
6
Suppose -38*p + 1249 = -385. Calculate the remainder when p is divided by 37.
6
Suppose -p + 4*p = 4*l - 33, -5*l = -4*p - 42. Suppose -5*f - 3 = -l*f. Suppose 0*w + 6 = -f*w, -84 = -a + 3*w. Calculate the remainder when a is divided by 27.
24
Suppose -5*t = -7*h + 9*h - 40, 83 = 5*h + 4*t. Suppose -k + 176 = 3*k. What is the remainder when k is divided by h?
14
Suppose 0 = 44*i - 73 - 895. Let k be 40/6*(-114)/(-4). Suppose -3*l - 445 = -8*l - 5*z, -2*l - 5*z + k = 0. Calculate the remainder when l is divided by i.
19
Let b = -2 - -13. Let z(p) = -9*p**2 - 32*p - 21. Let l(v) = -5*v**2 - 16*v - 11. Let d(x) = 11*l(x) - 6*z(x). What is the remainder when d(15) is divided by b?
9
Suppose 2*q - 90 = -2*k, -71 = 4*k + q - 239. Let c = -18 - -25. Suppose i - 13 = -d, -2*d = 3*i - 33 - c. What is the remainder when k is divided by i?
13
Let o be (-11)/(-33)*(1 - 1). Suppose -5*w + 36 - 16 = o. Suppose 0 = -w*u + 2 + 14. What is the remainder when 11 is divided by u?
3
Let i(m) = m**3 + 21*m**2 + 17. Let a be i(-21). Let l = a - 10. What is the remainder when l is divided by 2?
1
Suppose -h - 3 = -464. Suppose -h = -3*s + 145. Calculate the remainder when s is divided by 17.
15
Let r be (-2)/((-2)/1)*14. Let i = -7 + r. What is the remainder when 228/12 + (-2*1 - -3) is divided by i?
6
Suppose -5*w = 2*y - y - 172, 4*w - 3*y - 149 = 0. What is the remainder when 102 is divided by w?
32
Let f = 22 - 20. Suppose 4*i + 4*g = 55 + 181, 0 = f*i - 2*g - 118. Calculate the remainder when i is divided by 20.
19
Suppose 0 = -a + 3 - 1. What is the remainder when -6 - (0 - 1) - 96/(-2) is divided by (3 + a)*22/5?
21
Suppose 54*x = 45*x + 54. Calculate the remainder when 27 is divided by x.
3
Let s = 27 + -7. Let a = 106 + -75. What is the remainder when a is divided by s?
11
Suppose 14*k + 0*k + 2*k - 96 = 0. Let a(c) = -5*c**2 + c**2 + 4*c + 3 + 3*c**2. Calculate the remainder when k is divided by a(4).
0
Let p(k) = -k - 1. Let n(f) = -5*f - 7. Let x(t) = 5*n(t) - 35*p(t). Let l(o) = -o + 27. Calculate the remainder when l(0) is divided by x(1).
7
Suppose 0 = 3*h - 25*h + 242. What is the remainder when 16/56 + (-355)/(-7) is divided by h?
7
Let w(m) = -4 - 5 + 4*m**3 - 12*m**2 - 3*m**3 + 8 + 3*m. What is the remainder when w(12) is divided by (0 - (-12)/(-5))*-5?
11
Suppose 745*g - 195 = 730*g. Suppose -4*d + 124 = -80. What is the remainder when d is divided by g?
12
Let a = 424 + 692. What is the remainder when a is divided by 86?
84
Suppose -h - 3*a = -54, -4*a = -4*h - 9*a + 216. Let w = h + -26. What is the remainder when 1/4 + 1308/16 is divided by w?
26
Suppose -30 = 357*d - 360*d. Calculate the remainder when 44 is divided by d.
4
Let f = 8 + 4. Let u = 10 - -13. Calculate the remainder when u is divided by f.
11
Let z(h) = 4*h - 44. Calculate the remainder when z(15) is divided by 122/14 - 6/(-21).
7
Let z(r) = -97*r + 785. Calculate the remainder when 115 is divided by z(8).
7
Let d(n) = -44*n - 37. What is the remainder when d(-4) is divided by 32?
11
Let t(b) = 16*b**2 + 3*b - 1. Let v be t(1). Let z = 27 - v. Let n = z + 18. What is the remainder when n is divided by 14?
13
Suppose -3*p - 25 = 2*p. Let h = p - -9. Suppose -140*r + 273*r = 1330. What is the remainder when r is divided by h?
2
Let u(w) = 2*w + 0*w**2 + 3*w**2 - 7 - 7*w**2 + 5*w**2. Let j(x) = 4*x**2 + x + 1. Calculate the remainder when u(6) is divided by j(-2).
11
Let o be 46/(-1 - 2/4*-4). Calculate the remainder when 63 is divided by ((-2)/2 + 4)*o/6.
17
Suppose 0*g + 4*g = 5*s + 15, 9 = -3*s + 4*g. Let b = 20 + s. Calculate the remainder when (-2)/(203/(-67) - -3) is divided by b.
16
Let u = -8 + 10. What is the remainder when 11 is divided by u?
1
Let f(j) = j**3 - 6*j + 13 + 6*j + 12*j**2. Suppose -5*u - 48 = -u. Calculate the remainder when 49 is divided by f(u).
10
Let x(u) = -3*u - 1 + 4*u - 6 + 4*u. Let b = -14 - -19. Calculate the remainder when x(b) is divided by 6.
0
Let r(h) = 6*h - 5. What is the remainder when 6/(42/1099) - 11 is divided by r(7)?
35
Let s = 29 + 104. Calculate the remainder when s is divided by 17.
14
Let g be 1/2 - 19/(-2). Suppose -3*c = -c + g. Let t(n) = -6*n + 6. What is the remainder when t(c) is divided by 19?
17
Let p(n) = -86*n + 4. Let q be p(-4). Suppose -k - q = -5*k. Suppose 0 = -4*i + 22 + 66. Calculate the remainder when k is divided by i.
21
Suppose -j + 6*j = -455. Let k(f) = -9*f + 40. Let y be k(10). Let h = y - j. What is the remainder when h is divided by 15?
11
Suppose 1443*f - 1441*f - 54 = 0. What is the remainder when 38 is divided by f?
11
Let l(o) = -56*o - 73. What is the remainder when l(-7) is divided by 46?
43
Let